2).
9
Let y(q) = q + 22. Give y(15).
37
Let b(s) = -s**2 - 17. Calculate b(0).
-17
Let f(n) = -5*n + 9. Give f(-6).
39
Let y(a) = -a**3 - 4*a**2 + a + 1. What is y(-4)?
-3
Let j(p) = p**2 - 5*p - 48. Calculate j(10).
2
Let i(o) = 89*o - 2. What is i(-1)?
-91
Let g(n) = -n**2 + 25*n + 60. Determine g(27).
6
Let h(w) = w**2 + 2*w - 4. Give h(2).
4
Let d(k) = -k**3 - 3*k**2 - 5*k - 4. What is d(-4)?
32
Let h(n) = 14*n**3 + n**2 + n. Determine h(-1).
-14
Let c(f) = f**3 + 9*f**2 + 3*f + 15. Calculate c(-9).
-12
Let l(i) = -i**2 - 50*i - 26. What is l(0)?
-26
Let s(k) = -3*k**2 - 84*k - 83. Determine s(-27).
-2
Let n(p) = -2*p - 10. Give n(20).
-50
Let v(z) = -2*z**2 - 47*z + 18. Calculate v(-24).
-6
Let o(l) = -2*l**3 + 4*l**2 - 1. Calculate o(3).
-19
Let z(g) = -2*g**2 + 2*g - 3. Give z(2).
-7
Let v(r) = r**2 - 6*r. Give v(8).
16
Let a(j) = -j**3 - 4*j**2 + 16*j + 45. What is a(-5)?
-10
Let l(o) = -o**2 - 22*o + 2. Give l(-16).
98
Let u(h) = 3*h**3 - h**2 + 3*h - 2. What is u(1)?
3
Let g(p) = 2*p + 12. Give g(3).
18
Let z(d) = -d**3 + 20*d**2 + 22*d - 28. Give z(21).
-7
Let u(x) = x + 22. What is u(-24)?
-2
Let f(q) = q - 16. Determine f(-11).
-27
Let u(i) = i**3 - 23*i**2 - 110*i + 46. Calculate u(27).
-8
Let s(r) = -2*r**2 + 19*r - 1. Give s(11).
-34
Let v(y) = 2*y - 7. Calculate v(4).
1
Let o(i) = i**2 + 3. What is o(4)?
19
Let g(v) = -v**2 - 10*v - 7. Calculate g(-9).
2
Let y(l) = l**2 + 14*l - 49. What is y(3)?
2
Let b(m) = -m**2 - 9*m - 11. What is b(-7)?
3
Let s(h) = 5*h + 142. Determine s(-28).
2
Let i(b) = b**3 + 11*b**2 + 9*b - 15. Calculate i(-10).
-5
Let z(g) = -g + 7. Calculate z(4).
3
Let l(t) = -t**3 + 21*t**2 - 4*t + 80. What is l(21)?
-4
Let v(l) = l - 10. Calculate v(5).
-5
Let h(a) = -a**3 + 5*a**2 + 5*a - 5. Determine h(5).
20
Let k(y) = y - 11. Determine k(13).
2
Let r(a) = a**2 + 14*a - 23. Determine r(2).
9
Let r(x) = -16*x - 2. Calculate r(1).
-18
Let f(s) = -s**3 - 10*s**2 + 3*s - 9. Determine f(-10).
-39
Let d(i) = -i**3 - 9*i**2 - 9*i - 28. Give d(-8).
-20
Let f(d) = -d**3 - 3*d**2 + 6*d + 4. What is f(-4)?
-4
Let q(u) = u**3 - 51*u**2 - 52*u - 4. What is q(52)?
-4
Let t(k) = k**2 + 10*k + 21. Calculate t(-15).
96
Let b(w) = w**3 + 13*w**2 + 11*w - 11. Give b(-12).
1
Let h(s) = -s - 44. Calculate h(-17).
-27
Let b(z) = z**2 + 9*z - 4. Calculate b(-8).
-12
Let i(h) = h**3 - 14*h**2 - 2*h + 20. What is i(14)?
-8
Let f(m) = -2*m + 67. Calculate f(31).
5
Let q(u) = -u**2 + u + 21. Give q(6).
-9
Let i(x) = 3*x. Give i(-4).
-12
Let q(z) = z**2 - 9*z - 2. Determine q(8).
-10
Let z(t) = -t**2 + 9*t + 4. Determine z(9).
4
Let p(z) = z + 3. Calculate p(4).
7
Let j(g) = 39*g - 1. What is j(-1)?
-40
Let s(n) = n**2 + 12*n + 37. Determine s(-8).
5
Let w(m) = 6*m + 33. Determine w(-7).
-9
Let d(r) = -r**2 + 5*r - 3. Give d(4).
1
Let q(y) = 3*y + 23. What is q(-12)?
-13
Let c(b) = b**2 + 114. Give c(0).
114
Let o(u) = u**2 + 10*u + 12. Determine o(-6).
-12
Let d(u) = -u**3 + 10*u**2 - 9*u. What is d(6)?
90
Let f(x) = -2*x - 2. Determine f(-8).
14
Let v(y) = -y**3 - 11*y**2 - 16*y - 23. Calculate v(-10).
37
Let s(n) = n**3 + 5*n**2 + 2*n - 27. Determine s(-6).
-75
Let x(a) = 42*a - 28. What is x(-3)?
-154
Let p(o) = -5*o + 7. What is p(1)?
2
Let u(r) = -r**2 - 15*r - 38. Give u(-11).
6
Let r(d) = -d**3 - d**2 + 9*d + 16. Determine r(-3).
7
Let u(q) = -q**3 - 22*q**2 - 22*q - 17. Calculate u(-21).
4
Let q(b) = b**3 + 15*b**2 - 2*b - 37. Calculate q(-15).
-7
Let j(l) = 2*l**2 + 9*l - 9. Calculate j(-7).
26
Let l(u) = 2*u. Determine l(14).
28
Let p(s) = -s**3 - 4*s**2 + 2. Determine p(-3).
-7
Let m(d) = -d**3 + 16*d**2 - 29*d + 9. Determine m(14).
-5
Let u(z) = -5*z - 19. What is u(-6)?
11
Let j(v) = 17*v + 934. What is j(-55)?
-1
Let c(a) = a**3 - 5*a**2 - 7*a + 4. Calculate c(6).
-2
Let r(d) = -d**3 - 4*d**2 - 5*d - 10. Calculate r(-3).
-4
Let s(m) = -m**2 + 19*m - 17. Calculate s(19).
-17
Let m(l) = 14*l - 7. Calculate m(-4).
-63
Let u(m) = 3*m**2 - 16*m. What is u(5)?
-5
Let g(f) = 43*f - 505. What is g(12)?
11
Let q(x) = x - 104. Determine q(0).
-104
Let k(z) = 8*z + 6. What is k(5)?
46
Let u(r) = -2*r - 11. What is u(3)?
-17
Let x(p) = p**3 + 8*p**2 + 5*p - 5. Determine x(-7).
9
Let d(k) = k**2 - 6*k. Calculate d(4).
-8
Let s(z) = -z**3 + 7*z**2 - 2*z - 6. Give s(6).
18
Let u(q) = 2*q - 1. Determine u(5).
9
Let l(d) = d**3 + 15*d**2 + 57*d + 18. Determine l(-6).
0
Let h(y) = -y**3 - 19*y**2 - 18*y + 4. Determine h(-18).
4
Let j(m) = -m**2 - 16*m. Determine j(-14).
28
Let h(j) = -4*j + 73. What is h(21)?
-11
Let x(i) = -4*i + 1. Determine x(7).
-27
Let g(d) = -d. Give g(-1).
1
Let z(t) = t**2 - 22*t - 20. Calculate z(23).
3
Let f(j) = 2*j**2 + 7*j. Determine f(-5).
15
Let d(o) = -5*o**2 - 6*o - 7. Give d(5).
-162
Let w(z) = -z**3 + z**2 + 10*z + 3. Give w(4).
-5
Let z(c) = -c**2 - 3*c + 2. Determine z(-7).
-26
Let j(o) = o**2 - 5*o - 11. What is j(5)?
-11
Let q(l) = -3*l**3 + 7*l**2 + 8*l - 3. What is q(-3)?
117
Let h(j) = -j**3 + 6*j**2 - 13*j + 12. Calculate h(2).
2
Let y(k) = -k**2 - 17*k + 14. What is y(-18)?
-4
Let l(a) = -a**3 + 12*a**2 - 4*a - 59. Calculate l(11).
18
Let a(b) = -6*b - 9. What is a(-4)?
15
Let z(a) = 117*a**2 - 4*a + 2. Calculate z(1).
115
Let w(s) = -s**3 + 6*s**2 - 3*s + 1. Give w(5).
11
Let m(a) = a**3 + 3*a**2 - 4*a + 3. Calculate m(-4).
3
Let v(i) = -i**3 + 37*i**2 + 2*i - 19. Determine v(37).
55
Let y(f) = -f**2 - 64*f + 1375. Calculate y(-81).
-2
Let u(y) = -y**3 + 14*y**2 - 13*y - 18. What is u(13)?
-18
Let u(m) = m**3 - 4*m**2 + 5*m - 3. Determine u(3).
3
Let b(i) = -17*i + 23. Calculate b(2).
-11
Let v(r) = 24*r + 95. Give v(-5).
-25
Let z(a) = 3*a**2 - 27*a + 60. What is z(5)?
0
Let z(l) = l**3 - 4*l**2 - 1. What is z(2)?
-9
Let d(n) = 3*n**2 + 8*n + 7. Determine d(3).
58
Let x(a) = 2*a - 8. Give x(0).
-8
Let l(w) = 4*w - 142. Calculate l(32).
-14
Let s(b) = -b**2 + 24*b - 29. What is s(12)?
115
Let o(n) = 2*n**3 + 8*n**2 + 15*n + 33. What is o(-3)?
6
Let v(d) = 6*d - 1. What is v(4)?
23
Let u(t) = t + 26. What is u(-40)?
-14
Let i(y) = -y - 14. Calculate i(-7).
-7
Let h(f) = -9*f - 14. Determine h(-3).
13
Let n(w) = -13*w + 45. Calculate n(2).
19
Let l(o) = 6*o + 85. Calculate l(-15).
-5
Let t(h) = h**3 - 13*h**2 + 19*h - 10. Calculate t(11).
-43
Let k(x) = x**3 - 22*x**2 - 51*x + 79. Determine k(24).
7
Let h(q) = q**3 + 5*q**2 - 2*q - 23. Calculate h(-5).
-13
Let n(d) = -d**3 - 6*d**2 + 8*d - 5. What is n(-6)?
-53
Let m(h) = h**3 - 9*h**2 + 7*h + 12. What is m(8)?
4
Let p(a) = -a**3 + 18*a**2 - 81*a - 8. Determine p(9).
-8
Let w(j) = -8*j - 290. What is w(-37)?
6
Let j(t) = 2*t**3 - 4. Give j(-2).
-20
Let o(f) = f**3 + 6*f**2 - 6*f - 14. What is o(-6)?
22
Let i(y) = y**2 - 16*y - 5. Give i(15).
-20
Let g(s) = -s**2 - 10*s - 19. Determine g(-8).
-3
Let g(n) = -10*n**3 + n. What is g(-1)?
9
Let r(g) = 4*g - 32. What is r(15)?
28
Let v(d) = d + 28. Give v(-16).
12
Let b(r) = -3*r + 3. Calculate b(4).
-9
Let r(z) = -z + 2. Determine r(-2).
4
Let k(l) = -6*l - 24. Give k(-4).
0
Let i(f) = f**2 - 13*f - 36. What is i(19)?
78
Let j(i) = 3*i + 15. What is j(-10)?
-15
Let h(g) = -11*g - 18. What is h(-2)?
4
Let c(t) = t**2 - 32*t + 78. Give c(30).
18
Let u(z) = -z**3 - 20*z**2 + 24*z + 51. What is u(-21)?
-12
Let h(q) = -3*q + 166. Calculate h(52).
10
Let k(o) = o**2 - 18*o + 47. Calculate k(15).
2
Let k(z) = z**3 - 9*z**2 + 10*z - 11. Give k(8).
5
Let j(r) = -r**2 + 17*r - 29. What is j(15)?
1
Let t(r) = -r**2 - 5*r - 5. Determine t(-4).
-1
Let z(a) = 14*a + 26. Give z(-3).
-16
Let n(p) = -p**2 + 6. What is n(0)?
6
Let d(w) = -w**2 - 6*w + 2. Calculate d(-8).
-14
Let t(a) = 8*a - 160. Give t(19).
-8
Let n(w) = -5*w**2 + 2*w - 1. Calculate n(-2).
-25
Let f(q) = -3*q**2 + 5*q - 12. Determine f(3).
-24
Let c(q) = q**3 + 6*q**2 - 14. Give c(-6).
-14
Let h(f) = -f**3 - 32*f**2 - 22*f + 280. Give h(-31).
1
Let a(l) = 26*l**3 - l**2 + 1. Calculate a(-1).
-26
Let w(t) = -t**2 + 8*t + 20. What is w(11)?
-13
Let k(f) = -3*f - 10. Calculate k(-4).
2
Let o(m) = -3*m**2 + 17*m + 13. Give o(8).
-43
Let i(r) = -23*r - 2. Calculate i(-2).
44
Let y(w) = -w**3 - 7*w**2 - 5*w + 3. Give y(-5).
-22
Let q(o) = o**3 + 7*o**2 + 5*o + 6. Determine q(-6).
12
Let z(y) = y**2 + 37*y + 44. Determine z(-36).
8
Let x(g) = -g**3 + 1